ulate the remainder when 190 is divided by j.
32
Suppose -14 + 119 = 5*n. Suppose h - 2*r - 47 = 52, -4*h + 416 = 2*r. Calculate the remainder when h is divided by n.
19
Let i = 83 + -80. Suppose b = 4*g + 2, -i*g + 2*g - 83 = -4*b. What is the remainder when 35 is divided by b?
13
Suppose -4*o = s - 10, 0 = -0*o - 2*o. Suppose -z = 2*c - 2, -2*z - 2*c + 1 = 3. What is the remainder when (-34)/(-17)*(-58)/z is divided by s?
9
Suppose 4*d + l - 224 = 0, -3*l + 121 = 2*d + 9. What is the remainder when 102 is divided by d?
46
Suppose -4*x = -11*x + 35. Suppose 4*v = -0*v - 60. Calculate the remainder when (-876)/v + (-2)/x is divided by 15.
13
Suppose 2*u + 2*u = 16, -2*u - 28 = -2*x. Suppose -4 = r, -6*v = -10*v - 5*r + 548. What is the remainder when v is divided by x?
16
Suppose 175 = 3*m - 8*m. Let z = 9 - m. Calculate the remainder when z is divided by 16.
12
Suppose 6*l - 3*l = 57. What is the remainder when l is divided by -5*(252/60 - (7 + 0))?
5
Let a = 137 + -37. Let h = 197 - a. Suppose 5*z - 242 = -h. Calculate the remainder when 85 is divided by z.
27
Let p(d) = -d**2 - 35*d - 155. Calculate the remainder when p(-25) is divided by 25.
20
Let b(i) = 2*i**2 + 24*i - 51. Let l = -59 + 87. Calculate the remainder when b(-18) is divided by l.
25
Let i = -29 + 12. Let j(m) = 11*m**2 - 2*m + 2. Let h be j(2). Let r = h + i. What is the remainder when r is divided by 13?
12
Suppose 0 = -4*u + 15*y + 34, -7*u + 2*u + 5*y + 70 = 0. Let z(r) = r**2 + 4*r - 1. Let k = 15 + -23. Calculate the remainder when z(k) is divided by u.
15
Suppose -2*o = -4*a - 28, -2*o - 2*o - 5*a = -56. Let v = -477 + 530. Calculate the remainder when v is divided by o.
11
Let q(k) = -3*k - 53. What is the remainder when 26 is divided by q(-19)?
2
Let s(n) = -6*n - 1. Let p be s(-1). Suppose -5 = -d, -p*d + 105 = 3*o - 163. Let m(y) = 96*y + 1289. Calculate the remainder when o is divided by m(-13).
40
Suppose 1 = -4*o + 5. Calculate the remainder when (o/3)/((-7)/(-567)) is divided by 8.
3
Let p = 241 + -162. Let u = 90 - p. What is the remainder when 21 is divided by u?
10
Suppose b + 0 = 3, 5*i + 2*b = 101. Let r = -34 - -90. What is the remainder when r is divided by i?
18
Suppose -4*u - 52 = 4. Let c = 30 + u. Suppose 0 = 5*r - 5*a - 30, -6*a + 2*a = c. Calculate the remainder when 7 is divided by r.
1
Suppose 0 = c - 58 + 54. Suppose -3*b + 2*u + 13 = 0, 5*u = c*b - 5 - 24. Calculate the remainder when 5 is divided by b.
0
Let r be (-3)/4 + (-39)/12. Let d = r + 8. What is the remainder when 21 is divided by d?
1
Suppose 0 = 17*r - 24*r + 224. Calculate the remainder when 94 is divided by r.
30
Suppose -4*x = 3*h - 20, -3*h + 60 = -x + 35. What is the remainder when (-3)/(3/(-37)) - 0 is divided by h?
5
Let z(w) = -w**2 - 10*w - 2. Let d be z(-8). Let f = 32 + d. Calculate the remainder when f is divided by 17.
12
Suppose -3*q + f = -0*f - 321, -f = -q + 105. Calculate the remainder when 105 is divided by (21/(-6) - -3)/((-3)/q).
15
Let d = -59 + 74. Suppose 5*r - 2*r = 87. What is the remainder when r is divided by d?
14
Let m(z) = -23*z - 6. Let o be m(-3). Suppose 5*v - o = -3. What is the remainder when 21 is divided by v?
9
Let r(x) = -x + 3. Let v be r(2). Let y(p) = -v - 12*p**2 + 57*p**2 + 1 + 1. What is the remainder when y(1) is divided by 12?
10
Suppose -6*l + 2*l + 160 = 0. What is the remainder when l is divided by 1*(-3 + 0)*-7?
19
Let v(g) = 2*g**3 + 14*g**2 - 25*g - 36. Let o be v(-9). Suppose 3*n + 4*t - 82 = -210, -2 = t. Let k = n - o. Calculate the remainder when k is divided by 14.
11
Let h = 2 - 1. Suppose 2*s - s - 13 = 3*i, -4*i - 44 = -4*s. Suppose 3*g + h = s. Calculate the remainder when 16 is divided by g.
1
Let s be (1/(-2))/(9/(-144)). Let b(z) = z**3 - 7*z**2 - 6*z + 3. Let o(c) = c**2 - 3*c - 4. What is the remainder when o(8) is divided by b(s)?
17
Let g(o) = -3*o - 10. Let h be g(-5). Let v(x) = x**3 - 5*x**2 + 2. Let c be v(h). Let s = 47 - c. Calculate the remainder when s is divided by 16.
13
Suppose s + 0*s = -1, -3*s = y - 245. Calculate the remainder when y is divided by 119.
10
Suppose 7*z - 231 = -7. Calculate the remainder when z is divided by 31.
1
Let y(z) = -10*z - 155. What is the remainder when 61 is divided by y(-17)?
1
Let u = -12 + 29. Let v = -30 + u. What is the remainder when 62 is divided by v*1/(0 + -1)?
10
Suppose 41*a = 50*a - 432. What is the remainder when a is divided by 7?
6
Let v = -78 + 81. Suppose 3*n + 4*h = 54 + 41, -v*n = -2*h - 65. What is the remainder when n is divided by 23?
2
Suppose 4*q + 1916 - 60 = 0. Let b be ((-1)/4)/((-50)/1200). Calculate the remainder when 32 is divided by q/(-28) + b/14.
15
Calculate the remainder when 516/8*4/6 is divided by 22.
21
Let j(r) = -r + 96. What is the remainder when 384 is divided by j(18)?
72
Suppose -3*c = 270 - 372. What is the remainder when 76 is divided by c?
8
Let c = -9 + 13. Suppose -c*w + 272 + 13 = 3*k, 0 = 2*w - 4*k - 126. Calculate the remainder when w is divided by 15.
9
Let r(s) = -s**3 - 6*s**2 - 5*s + 2. Let h be r(-5). Suppose 34 = h*l - f - f, 2*l - 26 = -2*f. Calculate the remainder when 25 is divided by l.
10
What is the remainder when -162*(-3)/6 + (-1 - -3) is divided by 31?
21
Suppose 20*s - 1082 = 558. What is the remainder when s is divided by 21?
19
Let h(a) = -a**3 - 29*a**2 - 3*a - 61. Let o be h(-29). Suppose -4*p = -2*p - o. Suppose -3*v = -8 - 13. Calculate the remainder when p is divided by v.
6
Suppose -5*t = 3*t - 16. Suppose -4*y - 3*n = -91, -40 = y - t*y + 5*n. Calculate the remainder when 73 is divided by y.
23
Let w(y) = -y**2 + 8*y - 1. Let f = -8 - -1. Let d(g) = -2*g - 9. What is the remainder when w(6) is divided by d(f)?
1
Suppose 29*p - 34*p + 955 = 0. Calculate the remainder when p is divided by 66.
59
Let y be -5*(1/1 + -2). Let q = -193 + 197. Suppose q*u - 202 = -5*b - 63, y*b - 137 = -2*u. Calculate the remainder when b is divided by 14.
13
Suppose 4*s + 6 = -4*n - 30, n + 17 = -3*s. Let r be (-2)/s + 114/(-12). What is the remainder when 21 is divided by -18*6/r*1?
9
Let q be (-171)/(-15) + ((-8)/5)/4. What is the remainder when q/(22/(-20))*-11 is divided by 14?
12
Let m(j) = -j**3 - j**2 + 3*j + 3. Let z(y) = 15*y + 378. What is the remainder when m(-5) is divided by z(-24)?
16
Let g(m) = 5*m**3 + 2*m**2 - m. Let q be g(1). Suppose 0 = -4*b + b + 150. What is the remainder when b is divided by (-2)/q - 52/(-3)?
16
Let c(t) = 7*t - 96. Calculate the remainder when c(15) is divided by 5.
4
Let z = 117 - 8. Let y = -38 + z. Suppose 36 = 30*i - 28*i. Calculate the remainder when y is divided by i.
17
Let g(p) = -p. Let j be g(20). Let u = -8 - j. Calculate the remainder when 131 is divided by u.
11
Let a = 12 + -9. Suppose -a*z - 49 = 11. Calculate the remainder when ((-12)/z)/((-2)/(-30)) is divided by 3.
0
Let t be 0/(1/2*2). Let y = 73 - t. Suppose a = 3*u + y, -5*u + 137 = 3*a - 82. Calculate the remainder when a is divided by 19.
16
Suppose 20*a + 16*a - 8748 = 0. What is the remainder when a is divided by 77?
12
Let s = -3 - 1. Calculate the remainder when ((-96)/(-6))/(s/(-6)) is divided by 13.
11
Suppose 18*n - 40205 = -37*n. Calculate the remainder when n is divided by 12.
11
Let u(o) = -2*o**2 - 7*o + 1. Let x be u(-3). Suppose x*i - 51 + 11 = 0. Let d(c) = -c**3 + c**2 + c + 27. What is the remainder when d(0) is divided by i?
7
Let v(u) = 5*u**2 + u + 1. Let f be v(-1). Suppose x - 68 = -f*p - 14, -p - 114 = -3*x. Calculate the remainder when x is divided by 14.
11
Let g be (-3835)/(-85) - (-2)/(-17). Suppose 0 = -2*q + s + 25, -4*q + g = s + 4. What is the remainder when 31 is divided by q?
9
Suppose -296 = -4*l - 0*l + 4*a, 0 = 5*l - 4*a - 366. Suppose -l = -0*q - 5*q. Calculate the remainder when 39 is divided by q.
11
Let m(v) = 5*v + 9. Let w be m(0). Let c(d) = 13 + 3 + d + 5*d**2 - 4 - d**3 + 4*d**2. What is the remainder when 102 is divided by c(w)?
18
Suppose 0 = -3*u + 90 - 15. Suppose -4*i - 48 = -3*x + 7*x, -x = -i + 8. Let z = x + u. Calculate the remainder when 29 is divided by z.
14
Suppose 5*o = 2*o - 6, 0 = -4*m - 5*o + 202. Calculate the remainder when 368 is divided by m.
50
Let l = -21 - -29. Suppose 707 + 5 = l*h. What is the remainder when h is divided by 13?
11
Su